 = -4*t + 61. Determine d(17).
-7
Let l(g) = -g**3 - 2*g**2 + g - 4. Determine l(0).
-4
Let a(j) = -j**3 - 3*j**2 - 2*j + 3. What is a(-3)?
9
Let u(s) = -4*s - 2. What is u(0)?
-2
Let s(m) = m**3 - 9*m**2 + m + 7. Determine s(9).
16
Let n(q) = 5*q**2 - 17*q - 4. What is n(4)?
8
Let n(z) = -z**2 - 25*z - 73. Give n(-4).
11
Let c(v) = 7*v + 108. Determine c(-14).
10
Let f(y) = -y**2 + 4*y + 13. What is f(5)?
8
Let l(n) = n**2 - 16*n + 59. Determine l(13).
20
Let u(k) = -k**2 - 18*k + 149. Determine u(6).
5
Let s(f) = f**2 + 34*f - 10. Calculate s(-35).
25
Let w(b) = -183*b - 9. What is w(0)?
-9
Let u(b) = -b**3 - 7*b**2 - 3*b + 11. Determine u(-6).
-7
Let g(u) = 2*u - 7. Calculate g(-7).
-21
Let u(h) = -2*h**3 - 22*h**2 + 18*h + 195. What is u(-11)?
-3
Let l(t) = -t**3 + 5*t**2 + 13*t - 17. What is l(7)?
-24
Let l(v) = -4*v + 43. Calculate l(8).
11
Let h(n) = n**2 + 5*n - 7. What is h(-5)?
-7
Let z(y) = y**3 + 13*y**2 + 16*y + 44. What is z(-12)?
-4
Let i(s) = 6*s - 41. Determine i(7).
1
Let m(h) = -12*h - 33. Determine m(-3).
3
Let o(j) = -j**3 + j**2 + 1. Calculate o(3).
-17
Let h(b) = 49*b**2 - 6*b - 4. What is h(-1)?
51
Let q(c) = c**2 - 11*c + 21. Give q(9).
3
Let f(m) = 3*m + 13. Calculate f(19).
70
Let d(a) = 10*a - 93. Determine d(9).
-3
Let u(q) = -18*q + 31. Give u(2).
-5
Let z(j) = -4*j - 24. Calculate z(-9).
12
Let z(l) = 3*l + 11. Determine z(-8).
-13
Let o(k) = -7*k - 177. Give o(-25).
-2
Let p(b) = -b**3 + 9*b**2 - 9*b + 16. Determine p(8).
8
Let s(i) = i**2 - 12*i + 23. Give s(10).
3
Let h(b) = -b**3 - 6*b**2 + 7*b - 5. Give h(-7).
-5
Let l(o) = 17*o - 5. What is l(3)?
46
Let z(y) = 4*y**3 - 8*y**2 + y + 9. Determine z(3).
48
Let l(v) = -34*v + 4. Calculate l(2).
-64
Let i(r) = -2*r**2 - 4*r + 8. Determine i(-4).
-8
Let n(g) = g**2 - 18*g + 50. Calculate n(15).
5
Let j(w) = w**3 + 2*w**2 + 2*w + 4. Determine j(-3).
-11
Let s(c) = -4*c - 87. Determine s(-20).
-7
Let w(n) = -n**3 + 13*n**2 + 15*n - 17. What is w(14)?
-3
Let l(j) = -j**2 + 27*j + 107. Determine l(31).
-17
Let x(c) = c**2 + 22*c + 100. What is x(-16)?
4
Let c(v) = -v**2 - 20*v + 5. Calculate c(-20).
5
Let b(h) = -h + 15. Calculate b(-10).
25
Let t(o) = -o**3 + 22*o**2 + 22*o + 20. Determine t(23).
-3
Let s(u) = 38*u**2 + 3*u + 4. Calculate s(-2).
150
Let k(b) = 52*b - 1. Give k(1).
51
Let s(t) = -2*t**2 + 6*t + 6. Determine s(-3).
-30
Let f(t) = -6*t**2 - t - 1. What is f(-1)?
-6
Let g(j) = -2*j**2 + 8*j - 7. Give g(5).
-17
Let u(b) = 4*b. What is u(1)?
4
Let i(y) = -y**3 + 24*y**2 - 46*y + 47. Give i(22).
3
Let g(y) = y**3 - 5*y**2 - 8*y + 4. Give g(5).
-36
Let a(l) = -l**2 + 25*l - 47. Determine a(23).
-1
Let d(j) = 2*j**2 - 73*j - 149. Give d(-2).
5
Let a(o) = o**2 - 9*o + 28. Calculate a(3).
10
Let i(k) = -25*k + 67. What is i(5)?
-58
Let r(m) = -m**2 + 7*m - 9. Calculate r(12).
-69
Let j(c) = 21*c**2 - 1028*c - 48. What is j(49)?
1
Let u(x) = -10*x + 9. Calculate u(1).
-1
Let l(i) = 2*i - 13. Calculate l(16).
19
Let t(w) = 26*w**2 - 2*w - 1. What is t(-1)?
27
Let c(m) = m**3 + 16*m**2 + 16*m + 2. What is c(-15)?
-13
Let l(q) = -q**3 - 7*q**2 + q + 4. What is l(-7)?
-3
Let s(x) = -3*x**2 - 24*x - 3. Give s(-7).
18
Let w(t) = -14*t**2 + 2. Calculate w(-1).
-12
Let c(o) = -o**3 + 30*o**2 + 3*o - 67. Determine c(30).
23
Let y(x) = -x**3 + 43*x**2 + 94*x - 188. Calculate y(45).
-8
Let g(u) = -u**3 + 2*u - 1. Determine g(-2).
3
Let r(i) = 2*i + 13. Determine r(-26).
-39
Let i(j) = -j**2 + 4*j + 4. Determine i(3).
7
Let r(g) = g**3 + 20*g**2 + 35*g - 16. Calculate r(-18).
2
Let z(d) = d + 9. Calculate z(19).
28
Let y(k) = k**3 - 17*k**2 + 16*k - 19. What is y(16)?
-19
Let t(s) = 2*s**2 - 4*s - 4. Determine t(-5).
66
Let a(m) = -m**3 + 10*m**2 - m + 6. Calculate a(10).
-4
Let r(n) = -19*n - 358. Give r(-19).
3
Let c(s) = -s**3 + 15*s**2 - 43*s - 11. Give c(4).
-7
Let y(p) = p**3 - 20*p**2 + 2*p - 63. Give y(20).
-23
Let r(k) = 3*k**3 + k**2 - 2*k. Calculate r(1).
2
Let a(i) = -i**2 + 39*i + 36. Calculate a(40).
-4
Let m(q) = q + 17. Give m(-13).
4
Let z(a) = -8*a + 221. Calculate z(28).
-3
Let p(h) = 79*h - 233. Give p(3).
4
Let x(b) = 4*b**2 + 8*b. Calculate x(-2).
0
Let o(v) = -v**3 - 11*v**2 + 179*v - 7. Determine o(-20).
13
Let k(j) = -j**3 - 8*j**2 + j + 13. What is k(-8)?
5
Let k(s) = -s**3 - 10*s**2 - 12*s - 9. Calculate k(-9).
18
Let n(p) = p**2 - 22*p - 36. Give n(-8).
204
Let k(g) = -25*g**2 - 9*g + 10. What is k(1)?
-24
Let j(x) = x**3 - 2*x**2 + 2*x + 5. Determine j(0).
5
Let b(m) = 24*m - 94. Determine b(4).
2
Let c(t) = -50*t - 224. What is c(-5)?
26
Let c(a) = 128*a**3 + 2*a**2 + a - 1. What is c(1)?
130
Let x(s) = s**3 - 7*s**2 - 30*s. Give x(10).
0
Let a(p) = 5*p**2 - 2*p + 2. Calculate a(4).
74
Let l(i) = -i**2 - i - 2. Determine l(2).
-8
Let p(x) = 4*x**2 - 2*x - 1. Determine p(1).
1
Let f(q) = -33*q - 1. Calculate f(1).
-34
Let c(o) = 83*o + 825. What is c(-10)?
-5
Let i(a) = a - 3. Determine i(7).
4
Let s(r) = 2*r - 3. Give s(-2).
-7
Let u(y) = -y**2 - 2*y + 1. Determine u(3).
-14
Let n(m) = -4*m + 1. Determine n(0).
1
Let k(v) = 3*v**2 + 4*v + 1. Calculate k(-1).
0
Let i(k) = -k**3 + 17*k**2 - 18*k + 27. Give i(16).
-5
Let p(r) = 3*r**2 - 33*r + 79. Determine p(3).
7
Let w(n) = -n**2 - 14*n - 8. What is w(-13)?
5
Let z(g) = 7*g - 328. Determine z(46).
-6
Let j(c) = -c**3 - 12*c**2 + 9*c + 22. Determine j(-12).
-86
Let g(f) = -14*f + 382. Give g(27).
4
Let n(h) = -2*h + 27. Determine n(19).
-11
Let i(d) = -15*d + 6. Calculate i(0).
6
Let p(c) = -5*c. What is p(-3)?
15
Let t(n) = 2*n**2 - 2*n - 3. Calculate t(3).
9
Let t(f) = f**3 + 5*f**2 - 13*f + 16. Give t(-7).
9
Let n(q) = 3*q**2 - 18*q + 11. What is n(6)?
11
Let v(l) = -6*l + 1. Determine v(3).
-17
Let w(u) = -17*u - 905. What is w(-54)?
13
Let c(l) = l**3 + 7*l**2 - 8*l - 5. Give c(-8).
-5
Let w(v) = v**3 - 7*v**2 + 7*v + 1. What is w(6)?
7
Let f(q) = -q + 9. Give f(-12).
21
Let z(t) = t**3 + 23*t**2 - 24*t - 1. Give z(-24).
-1
Let r(m) = 23*m**2 - m - 1. Determine r(-1).
23
Let j(a) = -a**3 + 8*a**2 - 26*a + 133. Determine j(7).
0
Let b(f) = 5*f + 31. Determine b(11).
86
Let z(l) = l**2 + 9*l + 21. What is z(-6)?
3
Let p(z) = 2*z**2 + z - 4. Give p(-4).
24
Let x(l) = l**2 - 16*l + 3. What is x(19)?
60
Let g(b) = -b**3 - 6*b**2 + 3*b + 4. Give g(-6).
-14
Let t(n) = n**3 - 5*n**2 + 7*n + 8. Give t(3).
11
Let j(i) = -12*i + 5. What is j(2)?
-19
Let w(s) = -3*s + 6. Give w(-7).
27
Let o(l) = -l**3 - 20*l**2 + 22*l + 11. Calculate o(-21).
-10
Let g(s) = 8*s - 21. What is g(-2)?
-37
Let q(g) = g**3 + 2*g**2 + 14*g + 24. What is q(-3)?
-27
Let x(o) = -o**2 + 12*o + 19. What is x(11)?
30
Let b(i) = -3*i + 43. Determine b(15).
-2
Let r(t) = -t**2 + 2*t + 8. Give r(4).
0
Let o(d) = -6*d + 8. What is o(4)?
-16
Let v(s) = -s**3 + 3*s**2 + 5*s + 9. Calculate v(4).
13
Let v(o) = o**3 + 37*o**2 + 33*o - 97. Determine v(-36).
11
Let r(f) = 2*f**2 - 36*f - 4. Determine r(12).
-148
Let x(l) = l**3 + 13*l**2 + 12*l + 6. Calculate x(-12).
6
Let x(h) = h**2 + 3*h + 3. Determine x(-2).
1
Let w(b) = -3*b**2 - 3*b - 12. Determine w(-4).
-48
Let z(w) = -5*w - 62. Calculate z(-16).
18
Let j(d) = 7*d**3 + d. Calculate j(-1).
-8
Let i(l) = l**3 - 14*l**2 + 28*l - 41. Give i(12).
7
Let j(d) = -2*d**3 - 100*d**2 + 3*d + 100. Calculate j(-50).
-50
Let a(c) = -c**3 + 16*c**2 - 16*c + 14. Determine a(15).
-1
Let w(z) = 24*z - 307. Determine w(13).
5
Let w(g) = 27*g + 775. Give w(-29).
-8
Let u(h) = h**3 + 7*h**2 + 6*h + 5. Give u(-6).
5
Let l(d) = d**2 - 15*d + 15. Determine l(13).
-11
Let b(n) = -2*n**3 - n**2 - n. Determine b(-1).
2
Let d(i) = 2*i**2 + i - 4. Determine d(-4).
24
Let m(u) = -2*u**2 - 17*u - 3. Give m(-8).
5
Let j(h) = -3*h**3 - 14*h**2 + 5*h - 7. What is j(-5)?
-7
Let x(q) = q**3 - 5*q**2 + 6*q - 8. Calculate x(3).
-8
Let x(t) = -3*t**2 - 4*t - 2. Determine x(-4).
-34
Let k(p) = 2*p**2 - 13*p + 10. What is k(8)?
34
Let k(y) = 21*y - 132. What is k(6)?
-6
Let g(v) = 26*v**2 - v - 2. What is g(-1)?
25
Let z(t) = 52*t + 15. What is z(0)?
15
Let i(q) = q**2 + 5*q + 6. Determine i(-11).
72
Let i(s) = -s**3 + 8*s**2 - s + 10. Calculate i(8).
2
Let y(a) = -a**3 + a**2 - 4*a + 4. Give y(2).
-8
Let n(v) = -v**3 + 10*v**2 + 11*v + 6. Give n(11).
6
Let r(f) = -5*f - 10. Give r(7).
-45
Let i(z) = -21*z + 1. Give i(